{"id":3,"date":"2023-09-08T06:38:39","date_gmt":"2023-09-08T06:38:39","guid":{"rendered":"https:\/\/studiolegale-ds.it\/?page_id=3"},"modified":"2024-04-09T07:12:13","modified_gmt":"2024-04-09T07:12:13","slug":"privacy-policy","status":"publish","type":"page","link":"https:\/\/studiolegale-ds.it\/index.php\/privacy-policy\/","title":{"rendered":"Privacy Policy"},"content":{"rendered":"\n\t<section class=\"section\" id=\"section_1459396853\">\n\t\t<div class=\"bg section-bg fill bg-fill  bg-loaded\" >\n\n\t\t\t\n\t\t\t\n\t\t\t\n\n\t\t<\/div>\n\n\t\t\n\n\t\t<div class=\"section-content relative\">\n\t\t\t\n\n<div class=\"container section-title-container\" ><h3 class=\"section-title section-title-normal\"><b><\/b><span class=\"section-title-main\" >privacy policy<\/span><b><\/b><\/h3><\/div>\n\n<div style=\"text-align: center;\"><strong>I<\/strong><strong style=\"color: #555555;\">NFORMATIVA ALL\u2019INTERESSATO <br \/>SUL TRATTAMENTO DEI SUOI DATI PERSONALI<\/strong><\/div>\n<div>\n<p style=\"text-align: center;\"><strong>\u00a0RESA AI SENSI DEGLI ART. 13-14 DEL Reg.UE 2016\/679<\/strong><\/p>\n<p>La informiamo che tratteremo i Suoi dati personali secondo principi di correttezza, liceit\u00e0, trasparenza e di tutela della Sua riservatezza e dei Suoi diritti e La informiamo che i dati personali da Lei fornitici (nome, cognome, estremi e copia di documenti di riconoscimento, telefono, indirizzo email, documenti necessari all\u2019esecuzione dell\u2019incarico), saranno oggetto:<\/p>\n<ol>\n<li>in relazione ad obblighi contrattuali connessi al mandato, alla consulenza e\/o all\u2019assistenza ed alla rappresentanza in giudizio e non:<\/li>\n<\/ol>\n<ul>\n<li>di trattamento necessario all\u2019esecuzione del contratto di cui titolare ed interessato sono parte;<\/li>\n<li>di trattamento finalizzato a rendere pi\u00f9 efficaci le offerte commerciali del titolare nei confronti dell\u2019interessato, il che, tra l\u2019altro, pu\u00f2 comportare la comunicazione dei dati personali a societ\u00e0 e studi professionali partners del titolare;<\/li>\n<li>di trattamento finalizzato al recupero ed alla riscossione di crediti nei confronti dell\u2019interessato, il che pu\u00f2 comportare la comunicazione dei dati a societ\u00e0 di recupero del credito, a studi legali, ad Ordini Professionali, ad Organi di Giustizia, ad Istituti di Credito, a Compagnie d\u2019Assicurazione;<\/li>\n<li>di trattamento finalizzato all\u2019accesso al credito da parte del titolare, il che pu\u00f2 comportare la comunicazione dei dati ad Istituti di Credito;<\/li>\n<li>di trattamento per finalit\u00e0 statistiche e di marketing future;<\/li>\n<\/ul>\n<ol>\n<li>in relazione ad obblighi di legge:<\/li>\n<\/ol>\n<ul>\n<li>di trattamento finalizzato all\u2019adempimento di oneri fiscali, tributari e antiriciclaggio in dipendenza dell\u2019esecuzione del contratto di cui titolare ed interessato sono parte, il che pu\u00f2 comportare la comunicazione dei dati a professionisti incaricati della redazione e tenuta delle scritture contabili, a Istituti Bancari, ad Enti Fiscali, ad Organi preposti al controllo degli adempimenti fiscali, ad avvocati ed ad Organi di Giustizia;<\/li>\n<\/ul>\n<p>\u00a0<\/p>\n<p>Si informa che, tenuto conto delle finalit\u00e0 del trattamento come sopra illustrate, il conferimento dei dati \u00e8 obbligatorio ed il loro mancato, parziale o inesatto conferimento potr\u00e0 avere, come conseguenza, l&#8217;impossibilit\u00e0 di svolgere le prestazioni contrattuali. Si informa inoltre che la comunicazione di dati e documenti inesatti o incompleti pu\u00f2 determinare l\u2019impossibilit\u00e0 di eseguire l\u2019incarico e\/o la modifica della strategia proposta e dei pareri offerti e\/o in ogni caso far\u00e0 venir meno ogni e qualsiasi ipotesi di responsabilit\u00e0 professionale del titolare, del responsabile e dei loro incaricati e addetti per impossibilit\u00e0 di svolgere correttamente l\u2019incarico.<\/p>\n<p>\u00a0<\/p>\n<p>Ove l\u2019interessato abbia un&#8217;et\u00e0 inferiore ai 16 anni, il trattamento dovr\u00e0 essere autorizzato dal titolare della responsabilit\u00e0 genitoriale, per il quale saranno acquisiti i dati identificativi e copia dei documenti di riconoscimento.<\/p>\n<p>\u00a0<\/p>\n<p>Il trattamento sar\u00e0 effettuato sia con strumenti manuali che informatici e telematici con logiche di organizzazione ed elaborazione strettamente correlate alle finalit\u00e0 di cui sopra e comunque in modo da garantire la sicurezza, l&#8217;integrit\u00e0 e la riservatezza dei dati nel rispetto delle misure organizzative, fisiche e logiche previste dalle disposizioni vigenti.<\/p>\n<p>\u00a0<\/p>\n<p>Il titolare e\/o il responsabile si varranno di incaricati e o addetti e avranno facolt\u00e0 di comunicare loro i dati secondo la miglior organizzazione dell\u2019attivit\u00e0 di Studio ed al fine della miglior esecuzione dell\u2019incarico, nel rispetto dei principi di tutela dei dati personali esposti nella presente informativa.<\/p>\n<p>\u00a0<\/p>\n<p>I dati ai fini del trattamento con strumenti telematici potranno essere comunicati a service providers, partners e Autorit\u00e0 e\/o Enti pubblici operanti al di fuori\/all\u2019interno del territorio nazionale od anche extra UE.<\/p>\n<p>\u00a0<\/p>\n<p>I dati personali vengono conservati per tutta la durata del contratto e per i dieci anni successivi all\u2019emissione dell\u2019ultima fattura, salvo diverso obbligo di legge.<\/p>\n<p>Lei potr\u00e0 in qualsiasi momento scrivere al titolare ed al responsabile del trattamento per esercitare i diritti:<\/p>\n<ul>\n<li>di accesso ai Suoi dati personali;<\/li>\n<li>di ottenere la rettifica dei Suoi dati personali se erronei;<\/li>\n<li>di ottenere la cancellazione dei Suoi dati personali nei casi di cui all\u2019art. 17 GDPR;<\/li>\n<li>di ottenere la limitazione del trattamento nei limiti di cui all\u2019art. 18 GDPR;<\/li>\n<li>di valersi della portabilit\u00e0 dei dati ai sensi dell\u2019art. 20 GDPR;<\/li>\n<li>di opporsi al trattamento nei casi previsti dall\u2019art. 21 GDPR;<\/li>\n<li>di non essere sottoposto a trattamento automatizzato come previsto dall\u2019art. 22 GDPR;<\/li>\n<li>di revocare il consenso, ove previsto: la revoca del consenso non pregiudica la liceit\u00e0 del trattamento basata sul consenso conferito prima della revoca;<\/li>\n<li>di proporre reclamo all&#8217;autorit\u00e0 di controllo (Garante Privacy).<\/li>\n<\/ul>\n<p>\u00a0<\/p>\n<p>Titolare del trattamento \u00e8 l\u2019avv. Deborah Santolini,<\/p>\n<p>email dsantolini@studiolegale-ds.it<\/p>\n<\/div>\n\n\t\t<\/div>\n\n\t\t\n<style>\n#section_1459396853 {\n  padding-top: 30px;\n  padding-bottom: 30px;\n  background-color: rgb(255,255,255);\n}\n<\/style>\n\t<\/section>\n\t\n\n","protected":false},"excerpt":{"rendered":"","protected":false},"author":1,"featured_media":0,"parent":0,"menu_order":0,"comment_status":"closed","ping_status":"open","template":"","meta":{"inline_featured_image":false,"footnotes":""},"class_list":["post-3","page","type-page","status-publish","hentry"],"_links":{"self":[{"href":"https:\/\/studiolegale-ds.it\/index.php\/wp-json\/wp\/v2\/pages\/3","targetHints":{"allow":["GET"]}}],"collection":[{"href":"https:\/\/studiolegale-ds.it\/index.php\/wp-json\/wp\/v2\/pages"}],"about":[{"href":"https:\/\/studiolegale-ds.it\/index.php\/wp-json\/wp\/v2\/types\/page"}],"author":[{"embeddable":true,"href":"https:\/\/studiolegale-ds.it\/index.php\/wp-json\/wp\/v2\/users\/1"}],"replies":[{"embeddable":true,"href":"https:\/\/studiolegale-ds.it\/index.php\/wp-json\/wp\/v2\/comments?post=3"}],"version-history":[{"count":5,"href":"https:\/\/studiolegale-ds.it\/index.php\/wp-json\/wp\/v2\/pages\/3\/revisions"}],"predecessor-version":[{"id":99,"href":"https:\/\/studiolegale-ds.it\/index.php\/wp-json\/wp\/v2\/pages\/3\/revisions\/99"}],"wp:attachment":[{"href":"https:\/\/studiolegale-ds.it\/index.php\/wp-json\/wp\/v2\/media?parent=3"}],"curies":[{"name":"wp","href":"https:\/\/api.w.org\/{rel}","templated":true}]}}